s 3037 composite?
False
Is 22613 a prime number?
True
Is 29689 a prime number?
False
Is 10265 a composite number?
True
Is 23207 a composite number?
True
Is 22937 prime?
True
Is 15661 composite?
False
Is 7639 a prime number?
True
Is 19711 composite?
True
Is 5227 a composite number?
False
Is 7219 a prime number?
True
Is 35729 prime?
True
Is 18143 prime?
True
Is 4073 a composite number?
False
Is 312706 a prime number?
False
Is 490783 prime?
True
Is 211 composite?
False
Is 213263 composite?
False
Is 767 a prime number?
False
Is 183191 a prime number?
True
Is 52453 a composite number?
False
Is 7310783 a composite number?
False
Is 11641 a prime number?
False
Is 3713 composite?
True
Is 5219 prime?
False
Is 114967 composite?
False
Is 2362 a prime number?
False
Is 438143 composite?
False
Is 33767 a composite number?
False
Is 54293 a composite number?
False
Is 683231 a composite number?
False
Is 365411 prime?
True
Is 257947 composite?
False
Is 68099 a composite number?
False
Is 27019 a composite number?
True
Is 122327 a composite number?
False
Is 270509 prime?
True
Is 23719 a prime number?
True
Is 13901 a composite number?
False
Is 4807135 composite?
True
Is 69877 composite?
False
Is 94241 a prime number?
False
Is 2374 a prime number?
False
Is 30041 prime?
False
Is 2719 a prime number?
True
Is 24281 a composite number?
False
Is 10897 a composite number?
True
Is 25391 a composite number?
False
Is 452633 a prime number?
True
Is 125399 prime?
True
Is 708863 prime?
False
Is 199961 prime?
True
Is 298317 prime?
False
Is 441307 a prime number?
True
Is 2921 composite?
True
Is 361421 a composite number?
False
Is 3505 a prime number?
False
Is 175511 a prime number?
False
Is 335023 composite?
True
Is 14351 a composite number?
True
Is 70859 prime?
False
Is 12197 a composite number?
False
Is 18041 composite?
False
Is 4267927 prime?
True
Is 664933 a prime number?
True
Is 1690915 composite?
True
Is 7609 prime?
False
Is 190283 composite?
False
Is 238213 prime?
True
Is 307 a composite number?
False
Is 109357 prime?
True
Is 57367 composite?
False
Is 22739 composite?
False
Is 21433 prime?
True
Is 168067 prime?
True
Is 1099367 a composite number?
True
Is 28201 a prime number?
True
Is 3079 a composite number?
False
Is 41911 a prime number?
True
Is 17781 composite?
True
Is 587 composite?
False
Is 178151 a composite number?
False
Is 13561 a composite number?
True
Is 38401 composite?
True
Is 661907 composite?
True
Is 1029659 a prime number?
False
Is 6121 a composite number?
False
Is 103963 composite?
False
Is 85381 prime?
True
Is 104137 a prime number?
False
Is 16207 a prime number?
False
Is 28117 prime?
False
Is 147083 a prime number?
True
Is 58657 a prime number?
True
Is 35395 a composite number?
True
Is 623071 composite?
False
Is 27106 composite?
True
Is 23723 composite?
True
Is 231581 a prime number?
False
Is 55487 a prime number?
True
Is 1873173 a prime number?
False
Is 7507 composite?
False
Is 17657 prime?
True
Is 204005 prime?
False
Is 33577 a prime number?
True
Is 601223 composite?
True
Is 94241 composite?
True
Is 2557 prime?
True
Is 48979 composite?
True
Is 207859 prime?
False
Is 93659 a prime number?
False
Is 189547 a composite number?
False
Is 319303 composite?
True
Is 6899 a composite number?
False
Is 74773 composite?
True
Is 33541 a composite number?
True
Is 44686 composite?
True
Is 2993 a composite number?
True
Is 35011 composite?
True
Is 5731 a prime number?
False
Is 24061 composite?
False
Is 528459 a composite number?
True
Is 941249 composite?
False
Is 3967 a composite number?
False
Is 28563 a composite number?
True
Is 34355 a prime number?
False
Is 66221 a prime number?
True
Is 5939 composite?
False
Is 894394 composite?
True
Is 164663 prime?
True
Is 734153 a prime number?
False
Is 12007 a prime number?
True
Is 22241 prime?
False
Is 14667 a composite number?
True
Is 398813 prime?
True
Is 110527 composite?
False
Is 4861 prime?
True
Is 75271 composite?
True
Is 7201 prime?
False
Is 125269 a prime number?
True
Is 95871 composite?
True
Is 753931 composite?
False
Is 49523 a composite number?
False
Is 1361 composite?
False
Is 134753 a prime number?
True
Is 555371 prime?
False
Is 86423 prime?
True
Is 24757 prime?
False
Is 6953 a prime number?
False
Is 3208319 prime?
True
Is 23801 a composite number?
False
Is 86519 a composite number?
True
Is 36623 a prime number?
False
Is 23509 a composite number?
False
Is 372223 a composite number?
False
Is 6977 a composite number?
False
Is 105845 composite?
True
Is 1731521 composite?
True
Is 98837 composite?
False
Is 100733 a prime number?
True
Is 268267 composite?
False
Is 226387 a prime number?
False
Is 3941 a prime number?
False
Is 209497 a composite number?
False
Is 1351 prime?
False
Is 641371 a composite number?
False
Is 5329 a composite number?
True
Is 15161 a composite number?
False
Is 118907 composite?
False
Is 15403 prime?
False
Is 48731 composite?
False
Is 18319 a composite number?
True
Is 23683 composite?
True
Is 373267 composite?
True
Is 238991 prime?
True
Is 562915 prime?
False
Is 201862 prime?
False
Is 453053 prime?
True
Is 40781 prime?
False
Is 9983 prime?
False
Is 86827 a prime number?
False
Is 32749 prime?
True
Is 252557 a prime number?
False
Is 37319 a prime number?
False
Is 15091 a composite number?
False
Is 42611 composite?
False
Is 222773 composite?
False
Is 4513 composite?
False
Is 26515 prime?
False
Is 3285647 composite?
False
Is 17569 a composite number?
False
Is 1438 composite?
True
Is 23197 prime?
True
Is 94114 prime?
False
Is 45946 a prime number?
False
Is 493613 a composite number?
True
Is 2119 composite?
True
Is 2593511 composite?
False
Is 32345 a composite number?
True
Is 42329 a composite number?
True
Is 8185 a prime number?
False
Is 5147 prime?
True
Is 69953 a composite number?
True
Is 362521 a prime number?
True
Is 31873 a composite number?
False
Is 13853 prime?
False
Is 14087 composite?
False
Is 11855 a composite number?
True
Is 260317 prime?
True
Is 12521 a prime number?
False
Is 3707 a composite number?
True
Is 22793 prime?
False
Is 239843 a prime number?
True
Is 424961 a prime number?
True
Is 5095 a prime number?
False
Is 38195 a composite number?
True
Is 134167 prime?
False
Is 34851 a prime number?
False
Is 195883 a prime number?
True
Is 30773 prime?
True
Is 35591 a composite number?
False
Is 52147 prime?
True
Is 8542 composite?
True
Is 9371 a prime number?
True
Is 1386757 composite?
False
Is 285071 composite?
False
Is 387433 prime?
True
Is 271547 a composite number?
True
Is 11989 prime?
False
Is 37079 composite?
True
Is 477305 a composite number?
True
Is 69401 a prime number?
True
Is 25859 prime?
False
Is 98621 a composite number?
False
Is 76553 prime?
False
Is 52249 composite?
False
Is 1161611 a prime number?
False
Is 3761 a composite number?
False
Is 39307 composite?
True
Is 1733 prime?
True
Is 5731 composite?
True
Is 2312389 a composite number?
True
Is 264463 a prime number?
True
Is 15859 a prime number?
True
Is 203591 composite?
False
Is 37049 composite?
False
Is 119109 composite?
True
Is 493 a prime number?
False
Is 7477 prime?
True
Is 5539 composite?
True
Is 8674 composite?
True
Is 76427 a composite number?
True
Is 13033 a composite number?
False
Is 1847 composite?
False
Is 16673 a prime number?
True
Is 58861 prime?
False
Is 191413 prime?
True
Is 5939 a composite number?
False
Is 141749 prime?
False
Is 5323 composite?
False
Is 280963 prime?
True
Is 23473 a prime number?
True
Is 409 a prime number?
True
Is 76079 prime?
True
Is 9733 a prime number?
True
Is 305533 prime?
True
Is 3863 a prime number?
True
Is 7283 composite?
False
Is 989909 a composite number?
False
Is 46249 a prime number?
False
Is 11089 prime?
False
Is 196499 composite?
False
Is 1801 a composite number?
False
Is 4979 composite?
True
Is 64483 composite?
False
Is 3517237 prime?
True
Is 96541 a prime number?
False
Is 5779 composite?
False
Is 269833 a prime number?
False
Is 172713 a prime number?
False
Is 228583 a composite number?
True
Is 8553 composite?
True
Is 5297 a composite number?
False
Is 1033091 a composite number?
True
Is 3593 a prime number?
True
Is 22229 a composite number?
False
Is 8923 a composite number?
False
Is 18799 composite?
True
Is 32666 a prime number?
False
Is 701 composite?
False
Is 93799 a prime numb